[INFO] fetching crate static-file-http-server 0.1.15...
[INFO] checking static-file-http-server-0.1.15 against master#e6e4f7ed1589e03bc2f6c5931c1a72e7947e8682 for beta-170-4
[INFO] extracting crate static-file-http-server 0.1.15 into /workspace/builds/worker-4-tc2/source
[INFO] validating manifest of crates.io crate static-file-http-server 0.1.15 on toolchain e6e4f7ed1589e03bc2f6c5931c1a72e7947e8682
[INFO] running `Command { std: CARGO_HOME="/workspace/cargo-home" RUSTUP_HOME="/workspace/rustup-home" "/workspace/cargo-home/bin/cargo" "+e6e4f7ed1589e03bc2f6c5931c1a72e7947e8682" "metadata" "--manifest-path" "Cargo.toml" "--no-deps", kill_on_drop: false }`
[INFO] started tweaking crates.io crate static-file-http-server 0.1.15
[INFO] finished tweaking crates.io crate static-file-http-server 0.1.15
[INFO] tweaked toml for crates.io crate static-file-http-server 0.1.15 written to /workspace/builds/worker-4-tc2/source/Cargo.toml
[INFO] crate crates.io crate static-file-http-server 0.1.15 already has a lockfile, it will not be regenerated
[INFO] running `Command { std: CARGO_HOME="/workspace/cargo-home" RUSTUP_HOME="/workspace/rustup-home" "/workspace/cargo-home/bin/cargo" "+e6e4f7ed1589e03bc2f6c5931c1a72e7947e8682" "fetch" "--manifest-path" "Cargo.toml", kill_on_drop: false }`
[INFO] running `Command { std: "docker" "create" "-v" "/var/lib/crater-agent-workspace/builds/worker-4-tc2/target:/opt/rustwide/target:rw,Z" "-v" "/var/lib/crater-agent-workspace/builds/worker-4-tc2/source:/opt/rustwide/workdir:ro,Z" "-v" "/var/lib/crater-agent-workspace/cargo-home:/opt/rustwide/cargo-home:ro,Z" "-v" "/var/lib/crater-agent-workspace/rustup-home:/opt/rustwide/rustup-home:ro,Z" "-e" "SOURCE_DIR=/opt/rustwide/workdir" "-e" "CARGO_TARGET_DIR=/opt/rustwide/target" "-e" "CARGO_HOME=/opt/rustwide/cargo-home" "-e" "RUSTUP_HOME=/opt/rustwide/rustup-home" "-w" "/opt/rustwide/workdir" "-m" "1610612736" "--user" "0:0" "--network" "none" "ghcr.io/rust-lang/crates-build-env/linux@sha256:19e73879b68f455e41552ea35293514db52ea292d993f571636dbffedb77a1ee" "/opt/rustwide/cargo-home/bin/cargo" "+e6e4f7ed1589e03bc2f6c5931c1a72e7947e8682" "metadata" "--no-deps" "--format-version=1", kill_on_drop: false }`
[INFO] [stdout] 21b6987df9f5eacf366e18bdfb022c1a71c20cafa43e97836855684f5217f464
[INFO] running `Command { std: "docker" "start" "-a" "21b6987df9f5eacf366e18bdfb022c1a71c20cafa43e97836855684f5217f464", kill_on_drop: false }`
[INFO] running `Command { std: "docker" "inspect" "21b6987df9f5eacf366e18bdfb022c1a71c20cafa43e97836855684f5217f464", kill_on_drop: false }`
[INFO] running `Command { std: "docker" "rm" "-f" "21b6987df9f5eacf366e18bdfb022c1a71c20cafa43e97836855684f5217f464", kill_on_drop: false }`
[INFO] [stdout] 21b6987df9f5eacf366e18bdfb022c1a71c20cafa43e97836855684f5217f464
[INFO] running `Command { std: "docker" "create" "-v" "/var/lib/crater-agent-workspace/builds/worker-4-tc2/target:/opt/rustwide/target:rw,Z" "-v" "/var/lib/crater-agent-workspace/builds/worker-4-tc2/source:/opt/rustwide/workdir:ro,Z" "-v" "/var/lib/crater-agent-workspace/cargo-home:/opt/rustwide/cargo-home:ro,Z" "-v" "/var/lib/crater-agent-workspace/rustup-home:/opt/rustwide/rustup-home:ro,Z" "-e" "SOURCE_DIR=/opt/rustwide/workdir" "-e" "CARGO_TARGET_DIR=/opt/rustwide/target" "-e" "CARGO_INCREMENTAL=0" "-e" "RUST_BACKTRACE=full" "-e" "RUSTFLAGS=--cap-lints=forbid" "-e" "RUSTDOCFLAGS=--cap-lints=forbid" "-e" "CARGO_HOME=/opt/rustwide/cargo-home" "-e" "RUSTUP_HOME=/opt/rustwide/rustup-home" "-w" "/opt/rustwide/workdir" "-m" "1610612736" "--user" "0:0" "--network" "none" "ghcr.io/rust-lang/crates-build-env/linux@sha256:19e73879b68f455e41552ea35293514db52ea292d993f571636dbffedb77a1ee" "/opt/rustwide/cargo-home/bin/cargo" "+e6e4f7ed1589e03bc2f6c5931c1a72e7947e8682" "check" "--frozen" "--all" "--all-targets" "--message-format=json", kill_on_drop: false }`
[INFO] [stdout] 5a33bbaf87484c7122518f2d0df2eb75b188778a58fcd23f69044445d653f216
[INFO] running `Command { std: "docker" "start" "-a" "5a33bbaf87484c7122518f2d0df2eb75b188778a58fcd23f69044445d653f216", kill_on_drop: false }`
[INFO] [stderr]    Compiling proc-macro2 v1.0.51
[INFO] [stderr]    Compiling quote v1.0.23
[INFO] [stderr]    Compiling unicode-ident v1.0.6
[INFO] [stderr]    Compiling syn v1.0.107
[INFO] [stderr]    Compiling futures-core v0.3.26
[INFO] [stderr]    Compiling memchr v2.5.0
[INFO] [stderr]    Compiling libc v0.2.139
[INFO] [stderr]    Compiling cfg-if v1.0.0
[INFO] [stderr]    Compiling slab v0.4.7
[INFO] [stderr]    Compiling indexmap v1.9.2
[INFO] [stderr]     Checking pin-project-lite v0.2.9
[INFO] [stderr]    Compiling log v0.4.17
[INFO] [stderr]    Compiling once_cell v1.17.1
[INFO] [stderr]    Compiling pkg-config v0.3.26
[INFO] [stderr]    Compiling cc v1.0.79
[INFO] [stderr]     Checking bytes v1.4.0
[INFO] [stderr]    Compiling futures-channel v0.3.26
[INFO] [stderr]    Compiling httparse v1.8.0
[INFO] [stderr]    Compiling futures-task v0.3.26
[INFO] [stderr]    Compiling tokio v1.25.0
[INFO] [stderr]    Compiling futures-util v0.3.26
[INFO] [stderr]    Compiling serde v1.0.152
[INFO] [stderr]     Checking itoa v1.0.5
[INFO] [stderr]     Checking mio v0.8.6
[INFO] [stderr]     Checking num_cpus v1.15.0
[INFO] [stderr]     Checking socket2 v0.4.7
[INFO] [stderr]    Compiling openssl-sys v0.9.80
[INFO] [stderr]     Checking tracing-core v0.1.30
[INFO] [stderr]     Checking fnv v1.0.7
[INFO] [stderr]     Checking pin-utils v0.1.0
[INFO] [stderr]    Compiling rustversion v1.0.11
[INFO] [stderr]     Checking tracing v0.1.37
[INFO] [stderr]     Checking http v0.2.8
[INFO] [stderr]    Compiling openssl v0.10.45
[INFO] [stderr]    Compiling foreign-types-shared v0.1.1
[INFO] [stderr]    Compiling foreign-types v0.3.2
[INFO] [stderr]    Compiling unicase v2.6.0
[INFO] [stderr]    Compiling hashbrown v0.12.3
[INFO] [stderr]    Compiling bitflags v1.3.2
[INFO] [stderr]    Compiling tinyvec_macros v0.1.1
[INFO] [stderr]    Compiling futures-sink v0.3.26
[INFO] [stderr]    Compiling futures-io v0.3.26
[INFO] [stderr]    Compiling native-tls v0.2.11
[INFO] [stderr]     Checking tower-service v0.3.2
[INFO] [stderr]    Compiling tinyvec v1.6.0
[INFO] [stderr]     Checking http-body v0.4.5
[INFO] [stderr]    Compiling io-lifetimes v1.0.5
[INFO] [stderr]    Compiling try-lock v0.2.4
[INFO] [stderr]    Compiling percent-encoding v2.2.0
[INFO] [stderr]    Compiling openssl-probe v0.1.5
[INFO] [stderr]    Compiling form_urlencoded v1.1.0
[INFO] [stderr]    Compiling want v0.3.0
[INFO] [stderr]    Compiling unicode-normalization v0.1.22
[INFO] [stderr]    Compiling async-trait v0.1.64
[INFO] [stderr]    Compiling rustix v0.36.8
[INFO] [stderr]    Compiling unicode-bidi v0.3.10
[INFO] [stderr]     Checking tower-layer v0.3.2
[INFO] [stderr]    Compiling httpdate v1.0.2
[INFO] [stderr]     Checking mime v0.3.16
[INFO] [stderr]    Compiling idna v0.3.0
[INFO] [stderr]    Compiling proc-macro-error-attr v1.0.4
[INFO] [stderr]    Compiling tokio-util v0.7.7
[INFO] [stderr]    Compiling axum-core v0.3.2
[INFO] [stderr]    Compiling h2 v0.3.15
[INFO] [stderr]    Compiling ryu v1.0.12
[INFO] [stderr]     Checking linux-raw-sys v0.1.4
[INFO] [stderr]    Compiling tokio-macros v1.8.2
[INFO] [stderr]    Compiling openssl-macros v0.1.0
[INFO] [stderr]    Compiling pin-project-internal v1.0.12
[INFO] [stderr]    Compiling new_mime_guess v4.0.1
[INFO] [stderr]     Checking pin-project v1.0.12
[INFO] [stderr]    Compiling proc-macro-error v1.0.4
[INFO] [stderr]    Compiling hyper v0.14.24
[INFO] [stderr]    Compiling url v2.3.1
[INFO] [stderr]    Compiling axum v0.6.6
[INFO] [stderr]    Compiling encoding_rs v0.8.32
[INFO] [stderr]    Compiling serde_urlencoded v0.7.1
[INFO] [stderr]    Compiling heck v0.4.1
[INFO] [stderr]    Compiling ipnet v2.7.1
[INFO] [stderr]    Compiling base64 v0.21.0
[INFO] [stderr]     Checking http-range-header v0.3.0
[INFO] [stderr]     Checking os_str_bytes v6.4.1
[INFO] [stderr]    Compiling tokio-native-tls v0.3.1
[INFO] [stderr]     Checking clap_lex v0.3.1
[INFO] [stderr]    Compiling clap_derive v4.1.0
[INFO] [stderr]     Checking is-terminal v0.4.3
[INFO] [stderr]     Checking termcolor v1.2.0
[INFO] [stderr]    Compiling hyper-tls v0.5.0
[INFO] [stderr]     Checking tower v0.4.13
[INFO] [stderr]    Compiling reqwest v0.11.14
[INFO] [stderr]     Checking tower-http v0.3.5
[INFO] [stderr]     Checking matchit v0.7.0
[INFO] [stderr]    Compiling escape_string v0.1.2
[INFO] [stderr]     Checking pathdiff v0.2.1
[INFO] [stderr]     Checking sync_wrapper v0.1.2
[INFO] [stderr]     Checking open v3.2.0
[INFO] [stderr]     Checking clap v4.1.6
[INFO] [stderr]    Compiling static-file-http-server-macros v0.1.12
[INFO] [stderr]     Checking static-file-http-server v0.1.15 (/opt/rustwide/workdir)
[INFO] [stdout] error: proc macro panicked
[INFO] [stdout]  --> src/compile.rs:9:1
[INFO] [stdout]   |
[INFO] [stdout] 9 | get_sbp_main_rs!("SBP_MAIN_RS");
[INFO] [stdout]   | ^^^^^^^^^^^^^^^^^^^^^^^^^^^^^^^
[INFO] [stdout]   |
[INFO] [stdout]   = help: message: called `Result::unwrap()` on an `Err` value: reqwest::Error { kind: Request, url: Url { scheme: "https", cannot_be_a_base: false, username: "", password: None, host: Some(Domain("raw.githubusercontent.com")), port: None, path: "/devraymondsh/static-file-http-server/v0.1.15/single-binary-producer/src/main.rs", query: None, fragment: None }, source: hyper::Error(Connect, ConnectError("dns error", Custom { kind: Uncategorized, error: "failed to lookup address information: Temporary failure in name resolution" })) }
[INFO] [stdout] 
[INFO] [stdout] 
[INFO] [stdout] error: proc macro panicked
[INFO] [stdout]  --> src/compile.rs:9:1
[INFO] [stdout]   |
[INFO] [stdout] 9 | get_sbp_main_rs!("SBP_MAIN_RS");
[INFO] [stdout]   | ^^^^^^^^^^^^^^^^^^^^^^^^^^^^^^^
[INFO] [stdout]   |
[INFO] [stdout]   = help: message: called `Result::unwrap()` on an `Err` value: reqwest::Error { kind: Request, url: Url { scheme: "https", cannot_be_a_base: false, username: "", password: None, host: Some(Domain("raw.githubusercontent.com")), port: None, path: "/devraymondsh/static-file-http-server/v0.1.15/single-binary-producer/src/main.rs", query: None, fragment: None }, source: hyper::Error(Connect, ConnectError("dns error", Custom { kind: Uncategorized, error: "failed to lookup address information: Temporary failure in name resolution" })) }
[INFO] [stdout] 
[INFO] [stdout] 
[INFO] [stdout] error: proc macro panicked
[INFO] [stdout]   --> src/compile.rs:10:1
[INFO] [stdout]    |
[INFO] [stdout] 10 | get_sbp_cargo_toml!("SBP_CARGO_TOML");
[INFO] [stdout]    | ^^^^^^^^^^^^^^^^^^^^^^^^^^^^^^^^^^^^^
[INFO] [stdout]    |
[INFO] [stdout]    = help: message: called `Result::unwrap()` on an `Err` value: reqwest::Error { kind: Request, url: Url { scheme: "https", cannot_be_a_base: false, username: "", password: None, host: Some(Domain("raw.githubusercontent.com")), port: None, path: "/devraymondsh/static-file-http-server/v0.1.15/single-binary-producer/Cargo.toml", query: None, fragment: None }, source: hyper::Error(Connect, ConnectError("dns error", Custom { kind: Uncategorized, error: "failed to lookup address information: Temporary failure in name resolution" })) }
[INFO] [stdout] 
[INFO] [stdout] 
[INFO] [stdout] error: proc macro panicked
[INFO] [stdout]   --> src/compile.rs:10:1
[INFO] [stdout]    |
[INFO] [stdout] 10 | get_sbp_cargo_toml!("SBP_CARGO_TOML");
[INFO] [stdout]    | ^^^^^^^^^^^^^^^^^^^^^^^^^^^^^^^^^^^^^
[INFO] [stdout]    |
[INFO] [stdout]    = help: message: called `Result::unwrap()` on an `Err` value: reqwest::Error { kind: Request, url: Url { scheme: "https", cannot_be_a_base: false, username: "", password: None, host: Some(Domain("raw.githubusercontent.com")), port: None, path: "/devraymondsh/static-file-http-server/v0.1.15/single-binary-producer/Cargo.toml", query: None, fragment: None }, source: hyper::Error(Connect, ConnectError("dns error", Custom { kind: Uncategorized, error: "failed to lookup address information: Temporary failure in name resolution" })) }
[INFO] [stdout] 
[INFO] [stdout] 
[INFO] [stdout] error[E0425]: cannot find value `SBP_CARGO_TOML` in this scope
[INFO] [stdout]   --> src/compile.rs:27:35
[INFO] [stdout]    |
[INFO] [stdout] 27 |     write_to_cache(&"Cargo.toml", SBP_CARGO_TOML).await;
[INFO] [stdout]    |                                   ^^^^^^^^^^^^^^ not found in this scope
[INFO] [stdout] 
[INFO] [stdout] 
[INFO] [stdout] error[E0425]: cannot find value `SBP_MAIN_RS` in this scope
[INFO] [stdout]   --> src/compile.rs:30:23
[INFO] [stdout]    |
[INFO] [stdout] 30 |     let mut main_rs = SBP_MAIN_RS.to_string();
[INFO] [stdout]    |                       ^^^^^^^^^^^ not found in this scope
[INFO] [stdout] 
[INFO] [stdout] 
[INFO] [stdout] error[E0425]: cannot find value `SBP_CARGO_TOML` in this scope
[INFO] [stdout]   --> src/compile.rs:27:35
[INFO] [stdout]    |
[INFO] [stdout] 27 |     write_to_cache(&"Cargo.toml", SBP_CARGO_TOML).await;
[INFO] [stdout]    |                                   ^^^^^^^^^^^^^^ not found in this scope
[INFO] [stdout] 
[INFO] [stdout] 
[INFO] [stdout] error[E0425]: cannot find value `SBP_MAIN_RS` in this scope
[INFO] [stdout]   --> src/compile.rs:30:23
[INFO] [stdout]    |
[INFO] [stdout] 30 |     let mut main_rs = SBP_MAIN_RS.to_string();
[INFO] [stdout]    |                       ^^^^^^^^^^^ not found in this scope
[INFO] [stdout] 
[INFO] [stdout] 
[INFO] [stdout] error: aborting due to 4 previous errors
[INFO] [stdout] 
[INFO] [stdout] 
[INFO] [stdout] For more information about this error, try `rustc --explain E0425`.
[INFO] [stdout] 
[INFO] [stdout] error: aborting due to 4 previous errors
[INFO] [stdout] 
[INFO] [stdout] 
[INFO] [stdout] For more information about this error, try `rustc --explain E0425`.
[INFO] [stdout] 
[INFO] [stderr] error: could not compile `static-file-http-server` (bin "static-file-http-server" test) due to 5 previous errors
[INFO] [stderr] warning: build failed, waiting for other jobs to finish...
[INFO] [stderr] error: could not compile `static-file-http-server` (bin "static-file-http-server") due to 5 previous errors
[INFO] running `Command { std: "docker" "inspect" "5a33bbaf87484c7122518f2d0df2eb75b188778a58fcd23f69044445d653f216", kill_on_drop: false }`
[INFO] running `Command { std: "docker" "rm" "-f" "5a33bbaf87484c7122518f2d0df2eb75b188778a58fcd23f69044445d653f216", kill_on_drop: false }`
[INFO] [stdout] 5a33bbaf87484c7122518f2d0df2eb75b188778a58fcd23f69044445d653f216
